)?
28
Let l be 0*9/(-90)*10. Let o(h) be the third derivative of -1/2*h**3 + 2*h**2 + l + 1/12*h**4 + 0*h. Calculate o(4).
5
Let t(d) = -d**3 - 5*d**2 + 8*d + 7. Let i = 80 + -72. Let s be (-4)/i*0/(-3). Suppose s = -4*o - 4*c - 24, 5*o + c = 3*c - 30. Give t(o).
-5
Let u(w) = w + 2. Let a(x) = 9*x**2 + 13*x - 1 + 3*x**3 - 5*x**3 + 3*x**3 + 0*x**2. Let t be a(-7). Determine u(t).
8
Suppose 55 = 140*u - 151*u. Let v(l) be the second derivative of -l**4/12 + l**3/6 - 4*l. Let k(a) = -5*a**2 + 10*a - 2. Let d(y) = k(y) - 6*v(y). Give d(u).
3
Suppose -m + 0 = -4. Let s(v) = -4*v - 8. Let g(j) = -j - 1. Suppose 43 = 4*u + 47. Let p(z) = u*s(z) + 5*g(z). Determine p(m).
-1
Let q(f) = 8*f**2 + 7*f**3 - 9*f**3 - 25*f**3 + 18*f**3 - 3*f + 38 + 10*f**3. Determine q(-9).
-16
Let f(x) = -4*x**3 - 11*x**2 + 4*x - 2. Let v(d) = -9*d**3 - 24*d**2 + 9*d - 4. Let j(t) = 7*f(t) - 3*v(t). Let i(p) = 4*p + 3. Let h be i(-2). Determine j(h).
-7
Let y(o) = -o**2 + 3*o + 20. Let a be y(-3). Let j(w) = 24 - 11*w**2 + 15*w**2 - w - 5*w**a. Give j(0).
24
Let s = -85 - -94. Let r be -2 + (24/2)/3. Let k(w) = -w**2 - 15*w + 15. Let b(d) = 5*d**2 + 61*d - 59. Let y(t) = r*b(t) + s*k(t). Calculate y(12).
5
Let t(d) = -143*d + 144. Let b(f) = -1834*f + 1869. Let n(j) = 6*b(j) - 77*t(j). Calculate n(-15).
21
Let u = 241 - 236. Suppose b - 2*s - 30 = -5, -s - 65 = -4*b. Suppose 25 = -u*a - b. Let f(v) = -v**2 - 8*v - 6. What is f(a)?
-6
Let r(j) = -3 - 3 + 1 - 10*j. Let w = -248 + 241. Let c(m) = -5*m - 2. Let y(d) = w*c(d) + 3*r(d). Give y(1).
4
Suppose 2*n - 47 = 5*z, -5*n + z = -158 + 52. Let h(p) = -30 + p - 27 - n + 80. Determine h(-10).
-8
Suppose 0 = -305*z + 308*z - 5*p + 28, 2*z = -5*p - 2. Let t(n) = -7*n. Let x(d) = 13*d + 1. Let f(j) = 11*t(j) + 6*x(j). Determine f(z).
0
Let q(s) be the second derivative of -s**5/20 - 5*s**4/12 + 3*s**3/2 - 5*s**2/2 - 1014*s + 2. Calculate q(-7).
30
Let y be (2*-12)/(-3) + (-6318)/78 + 73. Let f(q) = q + 13. Let a(v) = v + 14. Let x(l) = -5*a(l) + 4*f(l). Determine x(y).
-18
Let y = -69 - -105. Suppose -z + 44 = y. Let g(o) = -8*o - 4 + o + z*o. Give g(3).
-1
Let i(u) = -5*u + 21. Let s(j) = -4*j + 27. Let r(x) = 6*i(x) - 5*s(x). Calculate r(7).
-79
Let j(d) = -d**3 - 2*d**2 - 2*d - 3. Let k be j(-2). Let q(z) = 6*z + 8*z + 3*z - k - 16*z. What is q(1)?
0
Let o(h) = -4*h - 3. Suppose 11*y = -3*f + 8*y - 9, -2*f - 3*y = 11. Suppose -2*g = 4*i + 12, 4*i - 7*i - f*g = 7. What is o(i)?
17
Let d = 1502 - 1496. Let a be (236/12)/(3/9). Let w(i) = i - a*i**2 + 8 + 58*i**2 + 4*i. What is w(d)?
2
Let r = -53 - -73. Suppose 4*t + 0*t - r = -3*b, -2*t = -b. Let l(n) = -n**2 + 2 - t*n + 2 + 2 - 7. Determine l(-2).
-1
Let d(p) = 31*p - 38 - 15 - 47*p + 24 - 25. Calculate d(-5).
26
Let s(y) = 10*y**3 - 6*y**2 + 4*y - 127. Let o(h) = -3*h**3 + 2*h**2 - h + 36. Let a(r) = 7*o(r) + 2*s(r). Let i be 2/1 - -1*1. What is a(i)?
-8
Let k(b) = 31*b - 183986*b**3 - 183984*b**3 + 367969*b**3 - 47 - 15*b**2. Give k(-17).
4
Suppose -22*u - 1542 = 25*u - 1213. Let h(y) be the first derivative of 10*y + 1/2*y**2 + 1. Calculate h(u).
3
Suppose -4*g + 5 = -3*g. Suppose 2*c + 12 - 4 = 0, g*y = 5*c + 40. Suppose -3*s + 2 = 2*w, 3*s - w + 26 = y*w. Let v(l) = l + 1. Calculate v(s).
-1
Let u(a) = -47*a + 96. Let q be u(2). Let m(w) = w**2 + 3*w - 4. Let o(c) = 3*c**2 + 4*c - 7. Let l(x) = q*o(x) - 5*m(x). What is l(4)?
-6
Let i(m) = -m. Let g be i(-2). Let x be 42/12 + 1/g. Let o(w) = w**3 + x*w**2 + 2 - 4*w**2 - 4*w**2 - w**2. Give o(5).
2
Suppose 43*f - 275 = -60. Suppose -4*j + 19 = -5*n, -j = -2*n - 2 - f. Let x(c) = 17*c**2 + 2*c - 1. Give x(j).
18
Let t(d) = 12*d**2 - 19*d - 14. Let k(m) = -15*m**2 + 20*m + 16. Let l(f) = 5*k(f) + 6*t(f). Calculate l(-8).
-84
Let t(r) = r**3 - 7*r**2 - 20*r - 7. Let i be t(10). Let h = 107 - i. Let q(z) = -14 + h - z. Give q(-4).
4
Suppose -6 = 2*y - 2 - 4. Let c(z) = -z**3 - 3*z + 19. Determine c(y).
19
Let y(m) = m**3 + 25*m**2 - 50*m + 109. Suppose 0 = -56*l - 2103 + 591. Give y(l).
1
Let l be (-12)/3 - 1/((-18)/3 - -5). Let z(x) = -x**3 + 4*x**2 + 19*x - 1. Calculate z(l).
5
Let q(m) = m**3 + 3*m**2 - 5*m - 7*m**2 + 8*m**2. Let t be q(-5). Let v(c) = c + 16. What is v(t)?
16
Let s = 26 + -31. Let v(m) be the third derivative of -1/2*m**3 + 0 - 5*m**2 + 0*m + 1/4*m**4 + 1/60*m**5. Determine v(s).
-8
Let c(m) = -m**2 + m - 22. Let n(i) = -17*i - 1661. Let g be n(-98). What is c(g)?
-42
Let w = -11 - -11. Let q(l) = -l - 10*l**2 - 2 + 8 - 5 + 7*l**2 + 2*l**2. What is q(w)?
1
Let o(s) = 2*s + 2. Let h(i) = -7*i - 10. Let j(f) = h(f) + 3*o(f). Let q(m) = -m**2 - 5*m + 16. Let l be q(-9). Let w = l - -17. Determine j(w).
-1
Let p(q) = -q**3 - 10*q**2 + 3*q - 31. Let o(s) = -5*s**3 - 51*s**2 + 14*s - 151. Let d(h) = -2*o(h) + 11*p(h). What is d(-9)?
-3
Let g = -134 + 131. Let j(u) = 9*u**3 - 19*u**2 - 5*u - 2. Let f(b) = -4*b**3 + 9*b**2 + 3*b + 1. Let s(c) = g*j(c) - 7*f(c). Calculate s(7).
6
Let y(t) = -1 + 204*t - 491*t - 6 + 2*t**2 + 294*t. Give y(-7).
42
Let r = -20 - -16. Let k be (-38)/(-10) - r/20. Let t(u) = 15*u - u**2 - k*u + 4 - u. Calculate t(9).
13
Let k(w) = 0 - 29*w**3 - w - 38*w**2 + 1 + 23*w**2 + 13*w**2. Give k(-1).
29
Let v(l) = -11*l**2 + 5*l**2 + 37970*l + l**3 - 37966*l - 2. Let t = 10 - 3. Let j(o) = -o**3 + 6*o**2 + 7*o + 2. Let u be j(t). Determine v(u).
-10
Let o(d) be the first derivative of -2*d**2 + 13*d + 3448. What is o(-4)?
29
Let v(o) = -4*o + 0*o - 2*o**3 + 4*o**3 + 9 - 727*o**2 - 4*o + 726*o**2. Determine v(1).
2
Suppose 5*u = 3*o + 9, 1 = -4*o + u + 2*u. Let d(s) = -2*s**2 + 9*s**2 - 3*s**2 - o*s**2 + s - 2. Give d(1).
1
Let g(l) = 4*l - 1. Let y = -118 - -122. Let j = 214 - 134. Suppose j*z = 84*z + y. Determine g(z).
-5
Suppose 2*h + 65 = 75. Suppose -22 = -h*a + 3*z, -9*z - 10 = a - 6*z. Let c(t) = 3*t**2 + t. Determine c(a).
14
Let p(a) = -6*a + 33. Let q be p(7). Let v be q/(27/12) - 6/(-3). Let j(h) = -2*h - 3. Determine j(v).
1
Suppose 3*k - u - 9 = -30, 0 = -4*k - 4*u - 44. Let n(y) = -y**3 + y**2 + 2. Let a be n(0). Let b(o) = 2*o**a - o**2 + 7*o - 1 + 0. Give b(k).
7
Let x = 54 - 23. Suppose x*t + 54 = 34*t. Let s(h) = -6 - h - 11 + t - h**2. What is s(-3)?
-5
Let z(m) = -2*m**3 - 3*m**2 + 5*m + 3. Let d(s) = -281*s - 1964. Let q be d(-7). What is z(q)?
-63
Let x(j) be the first derivative of j**3/3 - 3*j**2 - 11*j - 1222. Let g be (-1)/(-2*3/42). Determine x(g).
-4
Let x(r) be the third derivative of -r**8/6720 - r**7/1260 + r**6/180 - 19*r**5/30 + 153*r**2. Let d(z) be the third derivative of x(z). Calculate d(3).
-35
Let t(c) = 17*c - 25. Let r(p) = -8*p + 12. Let u(j) = 7*r(j) + 3*t(j). Let g be 6 - (10/6)/(70/(-210)). Give u(g).
-46
Let a(n) = n**2 + 1502 + 1605 - 13*n - 10*n - 3009. Determine a(16).
-14
Let k(l) = -4*l - 3. Let g be k(-3). Let i = -39 - -40. Let v(n) = -11 + i - 68*n + 60*n + n**2. Calculate v(g).
-1
Let j(z) = -6*z + 16. Let y(s) = 19*s - 9*s - 11*s. Let i(q) = -j(q) + 2*y(q). Give i(7).
12
Let f(s) = s. Let j(b) = 4*b**2 - 2*b**3 - 5 + 0*b**3 + b**3. Let d(n) = -6*f(n) - j(n). Suppose 3*w + 765*h - 767*h - 39 = 0, 2*w - 94 = 7*h. Calculate d(w).
0
Let t(n) = 54*n + n - 2 - 64*n + 3. Suppose -21*j + 4 = -19*j. What is t(j)?
-17
Let w(x) be the third derivative of -7/6*x**3 + 1/120*x**6 + 7/24*x**4 + 0*x + 0 - 1/15*x**5 - 237*x**2. What is w(3)?
5
Let n(u) = 6*u**2 + 13*u + 9. Let h be n(-2). Let p(r) = 4 - 2*r - h - r - 5. Determine p(-5).
7
Let m(i) = i**3 - 92*i**2 - 99*i + 555. Let r be m(93). Suppose v = 2*v. Let p(z) = 1 - 3 + 2*z + v*z. Determine p(r).
-8
Let o = 3537 + -3542. Let d(a) = a**2 + 10*a + 9. Give d(o).
-16
Let b(s) = -2*s - s**3 + 1 - 2 - 5*s**2 - 2*s. Let p(i) = -2*i + 1457 + 5*i - 1533. Let r be p(24). Determine b(r).
-1
Let i(t) = -t + 7. Let x be i(5). Let v(n) = 1 - 1084*n - 8 + 1088*n. Determine v(x).
1
Let v(w) be the second derivative of w**5/20 - w**4/6 + w**3/3 - w**2/2 + 4*w - 4. Let c be (3/2 + -1)*2. What is v(c)?
0
Let y(o) be the third derivative of o**5/30 - 25*o**4/24 + 13*o**3 - 6*o**2 + 111*o - 2. Calculate y(8).
6
Let x(n) = -n**3 - 3*n**2 - n + 2. Let y = -27683 + 27681. Determine x(y).
0
Let p(n) = -3*n**2 - 2*n + 2. Let d(c) = 2*c**2 + 2*c - 3. Let w(u) = -2*d(u) - 3*p(u). Suppose 4*z = i - 11, -i = -2*z - 9 + 2.